{"id":107,"date":"2020-11-30T15:22:14","date_gmt":"2020-11-30T15:22:14","guid":{"rendered":"https:\/\/themes.muffingroup.com\/be\/finance4\/?page_id=107"},"modified":"2021-01-03T14:22:47","modified_gmt":"2021-01-03T13:22:47","slug":"funkce","status":"publish","type":"page","link":"https:\/\/www.faktureo.cz\/?page_id=107","title":{"rendered":"Funkce"},"content":{"rendered":"","protected":false},"excerpt":{"rendered":"","protected":false},"author":1,"featured_media":0,"parent":0,"menu_order":0,"comment_status":"closed","ping_status":"closed","template":"","meta":[],"yoast_head":"<!-- This site is optimized with the Yoast SEO plugin v16.5 - https:\/\/yoast.com\/wordpress\/plugins\/seo\/ -->\n<title>Faktura\u010dn\u00ed aplikace, faktura v PDF s QR k\u00f3dem rychle | Faktureo<\/title>\n<meta name=\"description\" content=\"Faktura\u010dn\u00ed aplikace s funkcemi vytvo\u0159en\u00ed faktury v PDF, platba QR k\u00f3dem, rychl\u00e9 odesl\u00e1n\u00ed. Bez pau\u0161\u00e1ln\u00edho m\u011bs\u00ed\u010dn\u00edho poplatku.\" \/>\n<meta name=\"robots\" content=\"index, follow, max-snippet:-1, max-image-preview:large, max-video-preview:-1\" \/>\n<link rel=\"canonical\" href=\"https:\/\/www.faktureo.cz\/?page_id=107\" \/>\n<meta property=\"og:locale\" content=\"cs_CZ\" \/>\n<meta property=\"og:type\" content=\"article\" \/>\n<meta property=\"og:title\" content=\"Faktura\u010dn\u00ed aplikace, faktura v PDF s QR k\u00f3dem rychle | Faktureo\" \/>\n<meta property=\"og:description\" content=\"Faktura\u010dn\u00ed aplikace s funkcemi vytvo\u0159en\u00ed faktury v PDF, platba QR k\u00f3dem, rychl\u00e9 odesl\u00e1n\u00ed. Bez pau\u0161\u00e1ln\u00edho m\u011bs\u00ed\u010dn\u00edho poplatku.\" \/>\n<meta property=\"og:url\" content=\"https:\/\/www.faktureo.cz\/?page_id=107\" \/>\n<meta property=\"og:site_name\" content=\"Faktureo.cz\" \/>\n<meta property=\"article:modified_time\" content=\"2021-01-03T13:22:47+00:00\" \/>\n<meta name=\"twitter:card\" content=\"summary_large_image\" \/>\n<script type=\"application\/ld+json\" class=\"yoast-schema-graph\">{\"@context\":\"https:\/\/schema.org\",\"@graph\":[{\"@type\":\"WebSite\",\"@id\":\"https:\/\/www.faktureo.cz\/#website\",\"url\":\"https:\/\/www.faktureo.cz\/\",\"name\":\"Faktureo.cz\",\"description\":\"\",\"potentialAction\":[{\"@type\":\"SearchAction\",\"target\":\"https:\/\/www.faktureo.cz\/?s={search_term_string}\",\"query-input\":\"required name=search_term_string\"}],\"inLanguage\":\"cs\"},{\"@type\":\"WebPage\",\"@id\":\"https:\/\/www.faktureo.cz\/?page_id=107#webpage\",\"url\":\"https:\/\/www.faktureo.cz\/?page_id=107\",\"name\":\"Faktura\\u010dn\\u00ed aplikace, faktura v PDF s QR k\\u00f3dem rychle | Faktureo\",\"isPartOf\":{\"@id\":\"https:\/\/www.faktureo.cz\/#website\"},\"datePublished\":\"2020-11-30T15:22:14+00:00\",\"dateModified\":\"2021-01-03T13:22:47+00:00\",\"description\":\"Faktura\\u010dn\\u00ed aplikace s funkcemi vytvo\\u0159en\\u00ed faktury v PDF, platba QR k\\u00f3dem, rychl\\u00e9 odesl\\u00e1n\\u00ed. Bez pau\\u0161\\u00e1ln\\u00edho m\\u011bs\\u00ed\\u010dn\\u00edho poplatku.\",\"breadcrumb\":{\"@id\":\"https:\/\/www.faktureo.cz\/?page_id=107#breadcrumb\"},\"inLanguage\":\"cs\",\"potentialAction\":[{\"@type\":\"ReadAction\",\"target\":[\"https:\/\/www.faktureo.cz\/?page_id=107\"]}]},{\"@type\":\"BreadcrumbList\",\"@id\":\"https:\/\/www.faktureo.cz\/?page_id=107#breadcrumb\",\"itemListElement\":[{\"@type\":\"ListItem\",\"position\":1,\"name\":\"Dom\\u016f\",\"item\":\"https:\/\/www.faktureo.cz\/\"},{\"@type\":\"ListItem\",\"position\":2,\"name\":\"Funkce\"}]}]}<\/script>\n<!-- \/ Yoast SEO plugin. -->","_links":{"self":[{"href":"https:\/\/www.faktureo.cz\/index.php?rest_route=\/wp\/v2\/pages\/107"}],"collection":[{"href":"https:\/\/www.faktureo.cz\/index.php?rest_route=\/wp\/v2\/pages"}],"about":[{"href":"https:\/\/www.faktureo.cz\/index.php?rest_route=\/wp\/v2\/types\/page"}],"author":[{"embeddable":true,"href":"https:\/\/www.faktureo.cz\/index.php?rest_route=\/wp\/v2\/users\/1"}],"replies":[{"embeddable":true,"href":"https:\/\/www.faktureo.cz\/index.php?rest_route=%2Fwp%2Fv2%2Fcomments&post=107"}],"version-history":[{"count":5,"href":"https:\/\/www.faktureo.cz\/index.php?rest_route=\/wp\/v2\/pages\/107\/revisions"}],"predecessor-version":[{"id":161,"href":"https:\/\/www.faktureo.cz\/index.php?rest_route=\/wp\/v2\/pages\/107\/revisions\/161"}],"wp:attachment":[{"href":"https:\/\/www.faktureo.cz\/index.php?rest_route=%2Fwp%2Fv2%2Fmedia&parent=107"}],"curies":[{"name":"wp","href":"https:\/\/api.w.org\/{rel}","templated":true}]}}